190.
1638
Calculate the highest common factor of 225 and 4797925.
25
What is the highest common divisor of 18423 and 207?
207
Calculate the greatest common divisor of 31592709 and 1221.
111
Calculate the greatest common factor of 176 and 829734488.
88
What is the greatest common divisor of 35443 and 534727?
1541
Calculate the highest common divisor of 30207368 and 1024.
8
Calculate the highest common factor of 72 and 21927888.
72
What is the greatest common factor of 397996 and 4486996?
5452
What is the highest common divisor of 89 and 74539369?
89
What is the highest common divisor of 187 and 5933323?
187
What is the greatest common divisor of 240488507 and 7?
7
Calculate the greatest common factor of 216 and 42165264.
24
Calculate the highest common divisor of 625894 and 99002.
1678
What is the greatest common factor of 24542 and 801121?
1753
Calculate the greatest common divisor of 182 and 30538534.
26
Calculate the highest common factor of 2695 and 8166235.
385
Calculate the greatest common divisor of 143489885 and 1813.
1813
What is the greatest common divisor of 1403 and 12044206?
61
Calculate the greatest common divisor of 122040249 and 1824.
57
What is the greatest common factor of 79738701 and 21?
21
What is the highest common divisor of 20646540 and 38?
38
Calculate the highest common factor of 3678882 and 1566.
174
What is the highest common divisor of 484 and 25446014?
22
What is the greatest common factor of 117 and 129055473?
9
Calculate the greatest common factor of 3228503 and 2572.
643
Calculate the greatest common divisor of 678240 and 21780.
180
What is the greatest common factor of 8296 and 35319?
61
What is the highest common factor of 1311325911 and 6041?
6041
Calculate the highest common divisor of 16947 and 18459.
63
Calculate the highest common factor of 806 and 22858.
2
What is the greatest common divisor of 1153388 and 19140?
116
Calculate the highest common factor of 1276025 and 1715215.
5935
What is the highest common factor of 144 and 985518?
18
Calculate the highest common divisor of 137171382 and 838.
838
What is the greatest common factor of 12942 and 132944538?
4314
Calculate the highest common factor of 8332236 and 794.
794
Calculate the greatest common divisor of 19169514 and 439074.
2538
Calculate the highest common divisor of 12 and 2014004304.
12
Calculate the highest common divisor of 6656 and 35533056.
3328
What is the highest common divisor of 416 and 2228944?
16
Calculate the highest common factor of 4398771 and 111241.
559
Calculate the highest common factor of 12468 and 628056798.
6234
What is the greatest common factor of 174546204 and 21?
21
Calculate the greatest common divisor of 5076277 and 25701.
659
What is the highest common divisor of 6882670 and 8077?
41
Calculate the greatest common divisor of 60821932 and 1073.
1073
What is the greatest common factor of 360 and 244845?
45
What is the greatest common factor of 42420 and 166852?
2828
What is the greatest common factor of 10215 and 27855?
45
Calculate the highest common divisor of 35076444 and 2775.
111
Calculate the greatest common divisor of 779352 and 14616.
168
Calculate the highest common divisor of 207264 and 228192.
96
Calculate the highest common factor of 186857 and 16753.
11
What is the greatest common divisor of 68 and 8778596?
68
What is the highest common divisor of 25920 and 2289060?
1620
Calculate the highest common factor of 695711863 and 154.
77
What is the greatest common divisor of 7 and 1270160766?
7
Calculate the highest common factor of 106726 and 828954.
1462
Calculate the highest common factor of 70482 and 2938314.
102
Calculate the greatest common divisor of 1333533 and 168699.
159
Calculate the highest common divisor of 35694 and 61722.
54
What is the highest common divisor of 134 and 532713382?
134
What is the greatest common factor of 11 and 16686989?
11
Calculate the highest common divisor of 308 and 8999584.
44
What is the greatest common factor of 239337752 and 8?
8
Calculate the greatest common factor of 203 and 5596361449.
203
Calculate the highest common divisor of 60647498 and 7598.
262
What is the greatest common divisor of 420 and 14143479?
21
What is the highest common factor of 3495 and 172458445?
1165
What is the greatest common factor of 12130410 and 438?
438
Calculate the greatest common factor of 3082 and 231587.
23
Calculate the highest common factor of 32382 and 913626.
126
Calculate the highest common divisor of 235 and 80760.
5
Calculate the highest common divisor of 11910 and 57310.
10
Calculate the greatest common factor of 626592 and 1682040.
2568
Calculate the highest common factor of 74055875 and 3875.
125
What is the greatest common divisor of 269211 and 1767?
57
Calculate the greatest common divisor of 609722 and 1816.
454
Calculate the greatest common divisor of 214172204 and 1660.
332
Calculate the greatest common factor of 29505 and 105387645.
4215
Calculate the highest common factor of 336960 and 4149.
9
What is the greatest common divisor of 1173 and 1178398146?
1173
What is the highest common divisor of 2793 and 52793913?
57
What is the greatest common divisor of 49 and 11691904?
7
What is the highest common divisor of 364344 and 146358?
282
What is the greatest common factor of 433527 and 21058041?
7107
Calculate the highest common factor of 118050 and 727188.
4722
What is the greatest common factor of 2077522 and 513698?
4546
What is the highest common divisor of 44398978 and 458?
458
Calculate the highest common factor of 48251 and 198982.
427
Calculate the greatest common divisor of 2517 and 51428183.
839
Calculate the highest common factor of 7481946 and 552.
138
What is the highest common factor of 360 and 68568?
24
What is the greatest common factor of 69407425 and 200?
25
What is the greatest common divisor of 142719 and 9944?
113
Calculate the greatest common divisor of 569457 and 1863.
621
What is the highest common divisor of 46722462 and 244?
122
Calculate the greatest common divisor of 74 and 21405388.
74
Calculate the highest common factor of 63 and 271569.
3
Calculate the highest common divisor of 458231572 and 548.
548
Calculate the highest common factor of 4798488 and 375972.
3876
What is the greatest common divisor of 9365651 and 380?
19
What is the greatest common factor of 14 and 71674?
2
Calculate the highest common divisor of 865 and 21011369.
173
Calculate the highest common divisor of 33667665 and 14895.
4965
Calculate the highest common factor of 392 and 27169177.
49
Calculate the highest common factor of 375 and 11893875.
375
Calculate the greatest common factor of 2773 and 55977.
47
What is the highest common divisor of 324 and 30468069?
81
What is the greatest common divisor of 148095934 and 212758?
16366
What is the highest common divisor of 320 and 561770960?
80
Calculate the greatest common factor of 2327 and 5492903.
13
What is the greatest common factor of 838 and 1154345?
419
What is the greatest common factor of 35147504 and 2118?
706
What is the highest common factor of 11301793 and 522?
29
Calculate the greatest common divisor of 9 and 537612.
3
What is the highest common factor of 68 and 319040?
4
Calculate the highest common factor of 22257276 and 999.
111
What is the highest common factor of 33402 and 10?
2
What is the highest common divisor of 75 and 93637675?
25
What is the highest common divisor of 3420 and 6348560?
20
Calculate the highest common factor of 343552 and 1124288.
704
What is the highest common divisor of 82555991 and 518?
259
Calculate the highest common factor of 3553 and 3881763.
17
Calculate the greatest common divisor of 518425 and 2609600.
5825
What is the greatest common factor of 19 and 321674123?
19
Calculate the highest common factor of 3047619 and 1710.
57
What is the greatest common divisor of 7243654 and 462?
22
What is the greatest common divisor of 249203 and 2457095?
2329
Calculate the greatest common factor of 782 and 1492906.
34
What is the greatest common factor of 158 and 20655972?
158
Calculate the highest common factor of 212 and 1947326.
106
What is the greatest common factor of 1847883 and 969?
969
What is the greatest common factor of 36 and 5394156?
12
What is the greatest common divisor of 384 a